{"id":1021,"date":"2022-06-07T19:59:32","date_gmt":"2022-06-07T17:59:32","guid":{"rendered":"https:\/\/lea-hoffmann.de\/?page_id=1021"},"modified":"2023-09-29T17:49:35","modified_gmt":"2023-09-29T15:49:35","slug":"robinson-clown-2021","status":"publish","type":"page","link":"https:\/\/lea-hoffmann.de\/index.php\/projects\/robinson-clown-2021\/","title":{"rendered":"ROBINSON CLOWN \/ 2021"},"content":{"rendered":"\n<h2 class=\"wp-block-heading\">Theater NADI<\/h2>\n\n\n\n<figure class=\"wp-block-image\"><img decoding=\"async\" src=\"https:\/\/www.t-werk.de\/images\/production\/extern\/robinson-clown.jpg\" alt=\"Robinson Clown\"\/><\/figure>\n\n\n\n<h3 class=\"wp-block-heading\">as Daniel Defoe  didn\u00b4t say&#8230;<\/h3>\n\n\n\n<p><strong>\/\/deutsch\/\/<\/strong><\/p>\n\n\n\n<p>Die neue Inszenierung vom Theater NADI basiert auf dem Klassiker der Weltliteratur \u201eRobinson Crusoe\u201c von Daniel Defoe. Nachdem drei weibliche Clowns Schiffbruch erlitten haben und auf einer umweltverschmutzten Insel gestrandet sind, stellt sich ihnen die Frage: Was brauchen wir wirklich um zu \u00fcberleben? Unter den Bedingungen der erzwungenen Einsamkeit stellt sich schnell heraus, dass \u201eSurvival\u201c nicht unbedingt hei\u00dft, solidarisch zu sein. Die drei Gestrandeten versuchen, in dieser \u201eRobinsonade\u201c mit viel Einfallsreichtum und Imagination den Alltag auf einem abgeschiedenen Eiland zu bew\u00e4ltigen, immer frei nach dem Motto \u201eWir k\u00f6nnen den Wind nicht \u00e4ndern, aber die Segel anders setzen.\u201c<\/p>\n\n\n\n<p>Das <a href=\"https:\/\/theater-nadi.de\/de\" target=\"_blank\" rel=\"noreferrer noopener\"><strong>Theater NADI<\/strong> <\/a>ist ein Ensemble aus T\u00e4nzerInnen und SchauspielerInnen und wurde 2004 von der japanischen Schauspielerin Noriko Seki und dem Pantomimen und Schauspieler Steffen Findeisen gegr\u00fcndet. In ihren Arbeiten verbinden sie poetische Gesten und rituelle Masken mit t\u00e4nzerischen Elementen. Im ersten Clownstheaterst\u00fcck vom Theater NADI arbeitet ein internationales Team zusammen.<\/p>\n\n\n\n<p><strong>Konzept: <\/strong>Theater NADI, Kenneth George<br><strong>Regie: <\/strong>Joanna Bassi<br><strong>Regieassistenz: <\/strong>Lea Hoffmann<br><strong>Spiel: <\/strong>Angela Hopkins, Carine Limbosch, Noriko Seki<br><strong>B\u00fchnenausstattung: <\/strong>Magdalena Weber<br><strong>Kost\u00fcme: <\/strong>Heather MacCrimmon<br><strong>Soundscape: <\/strong>Matthias Peter<br><strong>Kooperation mit: <\/strong>remise-werkstatt f\u00fcr clownforschung<br><strong>Gef\u00f6rdert von: <\/strong>Ministerium f\u00fcr Wissenschaft, Forschung und Kultur des Landes Brandenburg, Landeshauptstadt Potsdam<br><strong><br>Dauer: <\/strong>55 Min.<\/p>\n","protected":false},"excerpt":{"rendered":"","protected":false},"author":1,"featured_media":0,"parent":312,"menu_order":4,"comment_status":"closed","ping_status":"closed","template":"","meta":{"footnotes":""},"class_list":["post-1021","page","type-page","status-publish","hentry"],"_links":{"self":[{"href":"https:\/\/lea-hoffmann.de\/index.php\/wp-json\/wp\/v2\/pages\/1021","targetHints":{"allow":["GET"]}}],"collection":[{"href":"https:\/\/lea-hoffmann.de\/index.php\/wp-json\/wp\/v2\/pages"}],"about":[{"href":"https:\/\/lea-hoffmann.de\/index.php\/wp-json\/wp\/v2\/types\/page"}],"author":[{"embeddable":true,"href":"https:\/\/lea-hoffmann.de\/index.php\/wp-json\/wp\/v2\/users\/1"}],"replies":[{"embeddable":true,"href":"https:\/\/lea-hoffmann.de\/index.php\/wp-json\/wp\/v2\/comments?post=1021"}],"version-history":[{"count":4,"href":"https:\/\/lea-hoffmann.de\/index.php\/wp-json\/wp\/v2\/pages\/1021\/revisions"}],"predecessor-version":[{"id":1263,"href":"https:\/\/lea-hoffmann.de\/index.php\/wp-json\/wp\/v2\/pages\/1021\/revisions\/1263"}],"up":[{"embeddable":true,"href":"https:\/\/lea-hoffmann.de\/index.php\/wp-json\/wp\/v2\/pages\/312"}],"wp:attachment":[{"href":"https:\/\/lea-hoffmann.de\/index.php\/wp-json\/wp\/v2\/media?parent=1021"}],"curies":[{"name":"wp","href":"https:\/\/api.w.org\/{rel}","templated":true}]}}